{"id":871,"date":"2021-06-01T19:45:23","date_gmt":"2021-06-01T19:45:23","guid":{"rendered":"http:\/\/fastwpdemo.com\/newwp\/whitehall\/?page_id=871"},"modified":"2023-11-03T12:03:53","modified_gmt":"2023-11-03T12:03:53","slug":"events-list","status":"publish","type":"page","link":"https:\/\/bienal2023.ilhantekelivakfi.org.tr\/?page_id=871","title":{"rendered":"\u00c7al\u0131\u015ftay Formlar\u0131"},"content":{"rendered":"\t\t<div data-elementor-type=\"wp-page\" data-elementor-id=\"871\" class=\"elementor elementor-871\" data-elementor-post-type=\"page\">\n\t\t\t\t\t\t\t<div class=\"elementor-element elementor-element-ab38b84 e-flex e-con-boxed e-con e-parent\" data-id=\"ab38b84\" data-element_type=\"container\" data-settings=\"{&quot;content_width&quot;:&quot;boxed&quot;}\" data-core-v316-plus=\"true\">\n\t\t\t\t\t<div class=\"e-con-inner\">\n\t\t\t\t<div class=\"elementor-element elementor-element-734f46e elementor-widget-divider--view-line elementor-widget elementor-widget-divider\" data-id=\"734f46e\" data-element_type=\"widget\" data-widget_type=\"divider.default\">\n\t\t\t\t<div class=\"elementor-widget-container\">\n\t\t\t<style>\/*! elementor - v3.16.0 - 20-09-2023 *\/\n.elementor-widget-divider{--divider-border-style:none;--divider-border-width:1px;--divider-color:#0c0d0e;--divider-icon-size:20px;--divider-element-spacing:10px;--divider-pattern-height:24px;--divider-pattern-size:20px;--divider-pattern-url:none;--divider-pattern-repeat:repeat-x}.elementor-widget-divider .elementor-divider{display:flex}.elementor-widget-divider .elementor-divider__text{font-size:15px;line-height:1;max-width:95%}.elementor-widget-divider .elementor-divider__element{margin:0 var(--divider-element-spacing);flex-shrink:0}.elementor-widget-divider .elementor-icon{font-size:var(--divider-icon-size)}.elementor-widget-divider .elementor-divider-separator{display:flex;margin:0;direction:ltr}.elementor-widget-divider--view-line_icon .elementor-divider-separator,.elementor-widget-divider--view-line_text .elementor-divider-separator{align-items:center}.elementor-widget-divider--view-line_icon .elementor-divider-separator:after,.elementor-widget-divider--view-line_icon .elementor-divider-separator:before,.elementor-widget-divider--view-line_text .elementor-divider-separator:after,.elementor-widget-divider--view-line_text .elementor-divider-separator:before{display:block;content:\"\";border-bottom:0;flex-grow:1;border-top:var(--divider-border-width) var(--divider-border-style) var(--divider-color)}.elementor-widget-divider--element-align-left .elementor-divider .elementor-divider-separator>.elementor-divider__svg:first-of-type{flex-grow:0;flex-shrink:100}.elementor-widget-divider--element-align-left .elementor-divider-separator:before{content:none}.elementor-widget-divider--element-align-left .elementor-divider__element{margin-left:0}.elementor-widget-divider--element-align-right .elementor-divider .elementor-divider-separator>.elementor-divider__svg:last-of-type{flex-grow:0;flex-shrink:100}.elementor-widget-divider--element-align-right .elementor-divider-separator:after{content:none}.elementor-widget-divider--element-align-right .elementor-divider__element{margin-right:0}.elementor-widget-divider:not(.elementor-widget-divider--view-line_text):not(.elementor-widget-divider--view-line_icon) .elementor-divider-separator{border-top:var(--divider-border-width) var(--divider-border-style) var(--divider-color)}.elementor-widget-divider--separator-type-pattern{--divider-border-style:none}.elementor-widget-divider--separator-type-pattern.elementor-widget-divider--view-line .elementor-divider-separator,.elementor-widget-divider--separator-type-pattern:not(.elementor-widget-divider--view-line) .elementor-divider-separator:after,.elementor-widget-divider--separator-type-pattern:not(.elementor-widget-divider--view-line) .elementor-divider-separator:before,.elementor-widget-divider--separator-type-pattern:not([class*=elementor-widget-divider--view]) .elementor-divider-separator{width:100%;min-height:var(--divider-pattern-height);-webkit-mask-size:var(--divider-pattern-size) 100%;mask-size:var(--divider-pattern-size) 100%;-webkit-mask-repeat:var(--divider-pattern-repeat);mask-repeat:var(--divider-pattern-repeat);background-color:var(--divider-color);-webkit-mask-image:var(--divider-pattern-url);mask-image:var(--divider-pattern-url)}.elementor-widget-divider--no-spacing{--divider-pattern-size:auto}.elementor-widget-divider--bg-round{--divider-pattern-repeat:round}.rtl .elementor-widget-divider .elementor-divider__text{direction:rtl}.e-con-inner>.elementor-widget-divider,.e-con>.elementor-widget-divider{width:var(--container-widget-width,100%);--flex-grow:var(--container-widget-flex-grow)}<\/style>\t\t<div class=\"elementor-divider\">\n\t\t\t<span class=\"elementor-divider-separator\">\n\t\t\t\t\t\t<\/span>\n\t\t<\/div>\n\t\t\t\t<\/div>\n\t\t\t\t<\/div>\n\t\t\t\t\t<\/div>\n\t\t\t\t<\/div>\n\t\t<div class=\"elementor-element elementor-element-f12cad3 e-flex e-con-boxed e-con e-parent\" data-id=\"f12cad3\" data-element_type=\"container\" data-settings=\"{&quot;content_width&quot;:&quot;boxed&quot;}\" data-core-v316-plus=\"true\">\n\t\t\t\t\t<div class=\"e-con-inner\">\n\t\t<div class=\"elementor-element elementor-element-3f61876 e-con-full e-flex e-con e-child\" data-id=\"3f61876\" data-element_type=\"container\" data-settings=\"{&quot;content_width&quot;:&quot;full&quot;}\">\n\t\t\t\t<div class=\"elementor-element elementor-element-c216a5e elementor-view-default elementor-position-top elementor-mobile-position-top elementor-widget elementor-widget-icon-box\" data-id=\"c216a5e\" data-element_type=\"widget\" data-widget_type=\"icon-box.default\">\n\t\t\t\t<div class=\"elementor-widget-container\">\n\t\t\t<link rel=\"stylesheet\" href=\"https:\/\/bienal2023.ilhantekelivakfi.org.tr\/wp-content\/plugins\/elementor\/assets\/css\/widget-icon-box.min.css\">\t\t<div class=\"elementor-icon-box-wrapper\">\n\t\t\t\t\t\t<div class=\"elementor-icon-box-icon\">\n\t\t\t\t<a href=\"https:\/\/docs.google.com\/forms\/d\/e\/1FAIpQLSelU0qcZoFovEanAAfRgVSsjbjmvxi5Ef0a6bb8QAYR8IW3Hw\/viewform?embedded=true\" class=\"elementor-icon elementor-animation-\" tabindex=\"-1\">\n\t\t\t\t<i aria-hidden=\"true\" class=\"fab fa-wpforms\"><\/i>\t\t\t\t<\/a>\n\t\t\t<\/div>\n\t\t\t\t\t\t<div class=\"elementor-icon-box-content\">\n\t\t\t\t<h3 class=\"elementor-icon-box-title\">\n\t\t\t\t\t<a href=\"https:\/\/docs.google.com\/forms\/d\/e\/1FAIpQLSelU0qcZoFovEanAAfRgVSsjbjmvxi5Ef0a6bb8QAYR8IW3Hw\/viewform?embedded=true\" >\n\t\t\t\t\t\tKale \u0130\u015flevsel Yeniden Canland\u0131rma \u00c7al\u0131\u015ftay\u0131 -Maltepe A\u00e7\u0131k Planlama At\u00f6lyesi<br>\n\t\t\t\t\t<\/a>\n\t\t\t\t<\/h3>\n\t\t\t\t\t\t\t\t\t<p class=\"elementor-icon-box-description\">\n\t\t\t\t\t\t\u0130lhan Tekeli \u015eehircilik K\u00fclt\u00fcr\u00fc Vakf\u0131 (\u0130T\u015eKV) taraf\u0131ndan 13-26 kas\u0131m 2023 tarihleri aras\u0131nda d\u00fczenlenen Ankara \u015eehircilik Bienali'nin \"kentte birlikte \u00fcretmek ve \u00f6\u011frenmek\" temas\u0131 etkinlikleri kapsam\u0131nda ger\u00e7ekle\u015ftirilecektir. \nMekansal planlamaya ve kentsel tasar\u0131ma yeni bir yakla\u015f\u0131m kazand\u0131rmak \u00fczere kentin merkezindeki alt b\u00f6lgeler i\u00e7in \u00e7ok disiplinli bir ekiple ilkeler ve pratikler geli\u015ftirmek ama\u00e7lanmaktad\u0131r. \t\t\t\t\t<\/p>\n\t\t\t\t\t\t\t<\/div>\n\t\t<\/div>\n\t\t\t\t<\/div>\n\t\t\t\t<\/div>\n\t\t\t\t<\/div>\n\t\t<div class=\"elementor-element elementor-element-4621631 e-con-full e-flex e-con e-child\" data-id=\"4621631\" data-element_type=\"container\" data-settings=\"{&quot;content_width&quot;:&quot;full&quot;}\">\n\t\t\t\t<div class=\"elementor-element elementor-element-674693d elementor-view-default elementor-position-top elementor-mobile-position-top elementor-widget elementor-widget-icon-box\" data-id=\"674693d\" data-element_type=\"widget\" data-widget_type=\"icon-box.default\">\n\t\t\t\t<div class=\"elementor-widget-container\">\n\t\t\t\t\t<div class=\"elementor-icon-box-wrapper\">\n\t\t\t\t\t\t<div class=\"elementor-icon-box-icon\">\n\t\t\t\t<a href=\"https:\/\/docs.google.com\/forms\/d\/e\/1FAIpQLSe_U7JR42CbGoHyGAC5vJFFAGD8h3ZUwRBqyyqcXdJmqgQfoQ\/viewform\" class=\"elementor-icon elementor-animation-\" tabindex=\"-1\">\n\t\t\t\t<i aria-hidden=\"true\" class=\"fab fa-wpforms\"><\/i>\t\t\t\t<\/a>\n\t\t\t<\/div>\n\t\t\t\t\t\t<div class=\"elementor-icon-box-content\">\n\t\t\t\t<h3 class=\"elementor-icon-box-title\">\n\t\t\t\t\t<a href=\"https:\/\/docs.google.com\/forms\/d\/e\/1FAIpQLSe_U7JR42CbGoHyGAC5vJFFAGD8h3ZUwRBqyyqcXdJmqgQfoQ\/viewform\" >\n\t\t\t\t\t\tY\u00fcr\u00fcme K\u00fclt\u00fcr\u00fc ve Kent \u00c7al\u0131\u015ftay\u0131\t\t\t\t\t<\/a>\n\t\t\t\t<\/h3>\n\t\t\t\t\t\t\t\t\t<p class=\"elementor-icon-box-description\">\n\t\t\t\t\t\tKentlerin y\u00fcr\u00fcnebilir olmas\u0131n\u0131n bir\u00e7ok yarar\u0131 var; bunlar\u0131n ba\u015f\u0131nda kent halk\u0131n\u0131n sa\u011fl\u0131\u011f\u0131na katk\u0131s\u0131, trafik y\u00fck\u00fc ve sorunlar\u0131n\u0131n azalt\u0131lmas\u0131, kenti deneyimlemek ve benimsemek i\u00e7in f\u0131rsat yaratmas\u0131 say\u0131labilir. Bu konu, k\u00fcresel \u00f6l\u00e7ekte \u00e7e\u015fitli ba\u015fl\u0131klar alt\u0131nda tart\u0131\u015f\u0131lmakla birlikte tek bir \u00e7\u00f6z\u00fcm \u00f6nerisi yok.\n\nBu \u00e7al\u0131\u015ftayda Ankara\u2019da y\u00fcr\u00fcmeyi kolayla\u015ft\u0131racak ve te\u015fvik edecek d\u00fczenlemeler \u00fcst\u00fcne birlikte d\u00fc\u015f\u00fcnmek ve ortak \u00e7\u00f6z\u00fcmler \u00f6nermek ama\u00e7lanmaktad\u0131r. \t\t\t\t\t<\/p>\n\t\t\t\t\t\t\t<\/div>\n\t\t<\/div>\n\t\t\t\t<\/div>\n\t\t\t\t<\/div>\n\t\t\t\t<\/div>\n\t\t\t\t\t<\/div>\n\t\t\t\t<\/div>\n\t\t\t\t\t\t\t<\/div>\n\t\t","protected":false},"excerpt":{"rendered":"<p>Kale \u0130\u015flevsel Yeniden Canland\u0131rma \u00c7al\u0131\u015ftay\u0131 -Maltepe A\u00e7\u0131k Planlama At\u00f6lyesi \u0130lhan Tekeli \u015eehircilik K\u00fclt\u00fcr\u00fc Vakf\u0131 (\u0130T\u015eKV) taraf\u0131ndan 13-26 kas\u0131m 2023 tarihleri aras\u0131nda d\u00fczenlenen Ankara \u015eehircilik Bienali&#8217;nin &#8220;kentte birlikte \u00fcretmek ve \u00f6\u011frenmek&#8221; [&hellip;]<\/p>\n","protected":false},"author":1,"featured_media":0,"parent":0,"menu_order":0,"comment_status":"closed","ping_status":"closed","template":"tpl-default-elementor.php","meta":{"footnotes":""},"class_list":["post-871","page","type-page","status-publish","hentry"],"_links":{"self":[{"href":"https:\/\/bienal2023.ilhantekelivakfi.org.tr\/index.php?rest_route=\/wp\/v2\/pages\/871","targetHints":{"allow":["GET"]}}],"collection":[{"href":"https:\/\/bienal2023.ilhantekelivakfi.org.tr\/index.php?rest_route=\/wp\/v2\/pages"}],"about":[{"href":"https:\/\/bienal2023.ilhantekelivakfi.org.tr\/index.php?rest_route=\/wp\/v2\/types\/page"}],"author":[{"embeddable":true,"href":"https:\/\/bienal2023.ilhantekelivakfi.org.tr\/index.php?rest_route=\/wp\/v2\/users\/1"}],"replies":[{"embeddable":true,"href":"https:\/\/bienal2023.ilhantekelivakfi.org.tr\/index.php?rest_route=%2Fwp%2Fv2%2Fcomments&post=871"}],"version-history":[{"count":4,"href":"https:\/\/bienal2023.ilhantekelivakfi.org.tr\/index.php?rest_route=\/wp\/v2\/pages\/871\/revisions"}],"predecessor-version":[{"id":1448,"href":"https:\/\/bienal2023.ilhantekelivakfi.org.tr\/index.php?rest_route=\/wp\/v2\/pages\/871\/revisions\/1448"}],"wp:attachment":[{"href":"https:\/\/bienal2023.ilhantekelivakfi.org.tr\/index.php?rest_route=%2Fwp%2Fv2%2Fmedia&parent=871"}],"curies":[{"name":"wp","href":"https:\/\/api.w.org\/{rel}","templated":true}]}}